ppose 44 = k + w*k. Calculate the remainder when k is divided by 6.
5
Suppose 4*z + z - 15 = 0, 3*a + 4*z = 24. Suppose a*f - 20 = 40. What is the remainder when 43 is divided by f?
13
Suppose 15 = 4*a - 5*f, -4*f - 12 = 4*a + a. Suppose 4*c - 44 - 60 = a. Suppose -4*y = -5*l + 51, -5*y = 15 + 5. What is the remainder when c is divided by l?
5
Let b be (0 - -2)/((-4)/(-34)). Let o = b - 10. Let d = -6 - -25. Calculate the remainder when d is divided by o.
5
Suppose 0 = j - 3*j + 14. What is the remainder when 26 is divided by j?
5
Let f(k) = -k**2 - 12*k + 4. Let g = -17 + 11. Let s = 2 - g. Calculate the remainder when f(-9) is divided by s.
7
Suppose -5*w - 5*p = -70, 3*p = 2*w + 3*w - 54. Let q = w + 0. What is the remainder when 35 is divided by q?
11
Calculate the remainder when 3/12 + (321/12 - 0) is divided by (-154)/(-10) - 2/5.
12
Let o(t) = -6*t**2 - 4*t + 1. Let x(w) = -6*w**2 - 5*w + 1. Let h(s) = -3*o(s) + 2*x(s). Calculate the remainder when 36 is divided by h(-2).
17
Let o(y) = -3*y - 9. Let z = -6 - -5. Let l(u) = 7*u + 1. Let d be l(z). What is the remainder when 16 is divided by o(d)?
7
Let w be (-22)/(-6) + 8/(-12). Suppose -w*c - c + 32 = 2*a, 0 = -3*a. Let m = -15 + 44. What is the remainder when m is divided by c?
5
Suppose 0 = -2*g - 2*g + 104. Suppose -7*a = -6*a. Suppose a = 5*u + 2*o - 41, -3*u + 51 = 2*u - 3*o. Calculate the remainder when g is divided by u.
8
Suppose -5*d = -41 - 19. Calculate the remainder when 34 is divided by d.
10
Suppose -4*p + 12 = 4*b, 3*b + 6*p - 12 = 4*p. Suppose 0 = -3*v + v + 26. Let r = v - b. Calculate the remainder when 19 is divided by r.
5
Suppose -4*n + 14 = 3*y + 2*y, 5*n - 4*y - 38 = 0. Suppose n*p - p - 45 = 0. Calculate the remainder when 26 is divided by p.
8
Let p = 14 - -1. Calculate the remainder when p is divided by -6 - -2 - (-32)/4.
3
Suppose 0 = 5*c - 5*j - 165, -j - 74 = -2*c + 3*j. What is the remainder when c is divided by 15?
14
What is the remainder when 31 is divided by (-126)/(-15) + 4/(-10)?
7
Suppose -2*r + 88 = 8. Let s be 1/(-2 - (-58)/28). Suppose -5*o = -6*o + s. Calculate the remainder when r is divided by o.
12
Suppose 2*o + 2*g = -6, -3*o - 2*g = o + 2. Suppose -o*d - 2*d = 5*a - 169, 3*a = 4*d - 161. Calculate the remainder when d is divided by 15.
11
Let q(i) = -i**3 + 3*i**2 + i + 1. Let j = 33 - 20. Suppose -l - 2*d + j = -10, -4 = -2*d. What is the remainder when l is divided by q(2)?
5
Let p(g) = 26*g + 1. What is the remainder when p(2) is divided by 10?
3
Suppose -2*m + 8 = -2*w - 0*w, -m - 3*w = 0. Calculate the remainder when 11 is divided by m.
2
Suppose -k + 2*z + 40 + 91 = 0, -3*z - 648 = -5*k. What is the remainder when k is divided by 10?
9
Suppose 0 = -6*w + 3*w. Suppose -2*r - 26 = -n - w*n, -3*n - 3*r + 33 = 0. What is the remainder when 47 is divided by n?
15
Let i = 53 + -38. What is the remainder when 3/9 - 131/(-3) is divided by i?
14
Let u be (-1)/(2/(-18)) + -1. Suppose -p - 10 = -3*f - 2*p, 0 = 2*f + 2*p - 8. Let b = u - f. What is the remainder when 13 is divided by b?
3
Suppose -5*t - 5*g = -395, 2*t + 4*g + 230 = 5*t. What is the remainder when t is divided by 28?
22
Suppose 21 = r + 2*r - 3*k, -3*r + k + 23 = 0. Calculate the remainder when 14 is divided by r.
6
Let h(r) = 2*r + 34. Calculate the remainder when h(0) is divided by 12.
10
Let i = 83 - 35. Let s = i - -2. What is the remainder when s is divided by 17?
16
Let l be (1 - 3)/((-3)/(-18)). Let y = l - -71. What is the remainder when y is divided by 15?
14
Let s(t) = t**2 + 3*t + 4. Let l(u) = u - 1. Let r(o) = -4*l(o) + s(o). Calculate the remainder when 22 is divided by r(0).
6
Let l = 8 - 5. Suppose 3*h + 20 = -r, -l*r - 16 = 3*h + 14. Let g = h + 9. Calculate the remainder when 10 is divided by g.
2
Let g(n) = n**2 + 3*n - 1. Let h be g(-4). What is the remainder when (-56)/(2 - h) + 1 is divided by 15?
12
Suppose 5*a - 15 - 25 = 0. What is the remainder when 13 is divided by a?
5
Calculate the remainder when 2 + -5 + 14 + 2 is divided by 4.
1
Let q(h) be the second derivative of h**3/3 + 4*h**2 + h. Let p be q(-6). What is the remainder when 11 is divided by (-30)/p*(-4)/(-5)?
5
Let i be (-2)/10 + (-1022)/(-35). Let a = i + -20. What is the remainder when 25 is divided by a?
7
Let u(y) be the second derivative of y**4/6 + 7*y**3/6 - y**2 - 2*y. What is the remainder when 36 is divided by u(-5)?
10
Suppose -2*x + 5 = -33. Let a = 8 - -2. What is the remainder when x is divided by a?
9
Let i(c) = 4*c**2 + 9*c - 12. Let f(r) = r**2 + r - 1. Let n(u) = -3*f(u) + i(u). Calculate the remainder when n(-8) is divided by 3.
1
What is the remainder when (-5)/(-15)*-2*(-9)/6 is divided by 1?
0
Let a = 90 + 5. What is the remainder when a is divided by 32?
31
Let d = 1 - 1. Suppose -4*q + 10 = 5*h, 2*q - 30 = -2*q + 5*h. Suppose o - 3 = d, 0 = -n + q*n - o - 65. Calculate the remainder when n is divided by 6.
5
Let a(i) = -i - 4. Let w be a(-4). Suppose w*t - 3*t = 5*v - 19, t = 5*v - 7. Let z(x) = 2*x**2 + 3*x - 2. Calculate the remainder when z(t) is divided by 9.
7
Let h(k) = k**3 - 4*k**2 + 5*k - 4. Let b be h(3). Suppose 6 = 2*o + b. Let f(p) = 3*p**2 - p + 1. What is the remainder when f(o) is divided by 6?
5
Suppose -32 = 2*w - 4*w. Let v = w - 11. Suppose b = r - 22, 9 = -8*b + v*b. What is the remainder when r is divided by 10?
9
Suppose 3*z - 24 = -h, 3*h - z - 4*z - 58 = 0. What is the remainder when h is divided by 4?
1
Let b = 63 + -50. What is the remainder when b is divided by 8?
5
Suppose -4*g = g - 90. What is the remainder when 70 is divided by g?
16
Let f(r) = 16*r + 3. Suppose -52*q - 3*u - 133 = -57*q, -3*q + u = -79. What is the remainder when f(3) is divided by q?
25
Suppose -3*w + 18 = -33. Let c be 3*((-22)/6 + 2). What is the remainder when (-163)/c - 6/(-15) is divided by w?
16
Let p be 2/1 + -2 - 4. Let r(w) = -4*w - 4. What is the remainder when 21 is divided by r(p)?
9
Calculate the remainder when 192 is divided by (5 + -1)*1 - (14 - 23).
10
Let q = 11 + -6. Suppose -2*b = -4*w + 102, -3*b + 0*b + 111 = q*w. What is the remainder when w is divided by 13?
11
Let k = -39 + 58. Suppose 71 = -5*g - k. Calculate the remainder when 16 is divided by 4/g - 166/(-18).
7
Let h = 16 + 0. Calculate the remainder when 46 is divided by h.
14
Let w(b) = b**3 - 10*b**2 + 13*b - 8. Calculate the remainder when w(9) is divided by 17.
11
Let i(a) = -a + 6. Let g = 6 + -2. What is the remainder when g is divided by i(4)?
0
Suppose -5*j - 135 = -5*s, -5*s + 131 = -3*j - 0*j. Let b(y) = y + 26. Let v be b(0). Suppose 2*g + 0 - v = 0. Calculate the remainder when s is divided by g.
12
Let t(a) = -a**2 + 16*a + 68. What is the remainder when t(18) is divided by 27?
5
Suppose 0*f = 2*f - 46. Let z(y) = -y**2 - 8*y. Calculate the remainder when -4*f*2/(-8) is divided by z(-6).
11
Let b(u) = 4*u + 6. Let d be b(6). Let y be (-4 - -1)*d/(-9). Calculate the remainder when ((-4)/y)/((-2)/100) is divided by 7.
6
Let y = 157 + -132. What is the remainder when 39 is divided by y?
14
Suppose -4 = -3*t + 5. Suppose y = -a - 4*a + 31, t*a + 9 = 4*y. Suppose -m + 3 = -8. What is the remainder when m is divided by y?
5
Let s = 13 + 6. Suppose 4*p + 14 = 6*p. Calculate the remainder when s is divided by p.
5
Suppose -5*o - 55 = -5*f, 0 = -2*o + 3*f - 11 - 14. Let x(d) = -d**3 - 9*d**2 - 10*d + 1. What is the remainder when x(o) is divided by 7?
3
Let w(f) = -f**3 + 3*f**2 + 3*f + 4. What is the remainder when (-170)/(2 - 7) - (-1 + -1) is divided by w(3)?
10
What is the remainder when 42/8 + 2/(-8) is divided by 2?
1
Suppose 3*a - 2*j = 2*a + 22, 0 = -5*a + 3*j + 124. Calculate the remainder when a is divided by 14.
12
Suppose 5*w - 3*d - 119 = 0, 2*w + d - 42 = 5*d. Suppose -4*r + 32 = 3*b - 14, 0 = -3*r + 12. What is the remainder when w is divided by b?
5
Let t = 51 - 20. Calculate the remainder when t is divided by 17.
14
Let m = -245 - -254. Suppose -p + 4*p - 51 = 0. Calculate the remainder when p is divided by m.
8
Let x(y) = -y**3 + 6*y**2 - 5*y + 6. What is the remainder when 9 is divided by x(5)?
3
What is the remainder when 82 is divided by (28/3)/(1 + 3/(-9))?
12
Let w = 17 - 6. Let s = w - -12. Calculate the remainder when 68 is divided by s.
22
Let g = 26 + -10. Let